1 - 2 - -3).
4
What is 0 - ((1 - 5) + (3 + 5 - 4))?
0
What is (3 - -12) + -33 - (-5 + (0 - 1))?
-12
Calculate -82 + 76 - (1 + -17).
10
Calculate 9 - (4 + (3 - (4 + -2))).
4
Calculate (-6 - -7 - 9) + 11 + -4.
-1
What is the value of (0 - 2 - -1) + -48 + 38?
-11
Evaluate (-5 - 1) + (1 - (11 - (-2 + 10))).
-8
-26 + (6 - -19) + -7
-8
Calculate 11 + (153 - 149) + 0 + 1.
16
6 - (9 - (0 + 3) - (2 + 1))
3
Calculate 8 + (-16 - (-11 - 11)).
14
Evaluate (-11 - (-1 + -4)) + 30 - 10.
14
Calculate (21 - 15) + -14 - -23.
15
Calculate 15 - (-10 + 3 + 2 + 15 - 7).
12
-38 - -26 - -7 - (-3 - 25)
23
-9 + (-12 - (-1 + -3))
-17
-9 - (11 - 15 - -11)
-16
Calculate 9 + 13 + -34 - -11.
-1
What is the value of (-12 + 7 + 2 - -6) + (5 - 0)?
8
Calculate -13 - 0 - (-622 - -591).
18
What is the value of -10 - -1 - (-4 + 15 + -3 - -6)?
-23
Evaluate (-38 - -57) + (1 - 21).
-1
What is the value of 1 + -23 + (-55 - -63) - (-2 + 0)?
-12
Evaluate 2 + (6 + 3 - 18).
-7
Calculate 3 - (3 + -6) - -12 - 9.
9
Calculate -23 + 9 + -6 + 10.
-10
What is the value of (12 - -16 - 40) + 0 + -2?
-14
Evaluate 45 + -40 + (5 - (-3 - (5 - 3))).
15
What is the value of (-9 + -7 + 11 - 14) + 9?
-10
Calculate -24 - (-38 - (33 + -17)).
30
Evaluate -19 + 6 + 2 + 20.
9
What is (-6 - -3) + (-33 - -35)?
-1
What is -173 + 159 - (1 - 2 - -7) - -8?
-12
Calculate 11 + (-13 - (-5 + 2)) + 2 + -1.
2
Calculate 2 + -23 + 16 + 7.
2
(-40 - -20 - (0 - (4 + -11))) + 7
-20
Calculate 20 + -25 + (6 - -6) + 11.
18
-83 + 74 - (0 + -1)
-8
What is (8 - -1) + 9 + -6 + -6 - 3?
3
Evaluate -23 + -5 + 11 + 17 + -12.
-12
What is (-55 - -60) + -2 + 9 + 2?
14
-319 - -323 - (15 + -1)
-10
(22 - 43 - -27) + 30
36
Evaluate -1 + 1 + -29 + 24 - (-1 - 25).
21
What is 6 - (-7 + (-7 - (-9 + 6)))?
17
Calculate 6 + 18 + -34 + -10.
-20
What is the value of (-3 - (-4 + 2)) + 1 + (96 - 95)?
1
What is the value of (3 + 0 + -4 - 5) + (-65 - -85)?
14
What is (-54 - -24) + -2 - -18?
-14
Calculate -7 - (12 - (40 - 21)).
0
Calculate -121 + 121 + (27 - 1) + -9.
17
(24 - 63 - (3 + -22)) + 59
39
What is -11 + (37 - 27) + (26 - 1)?
24
What is the value of -22 - (14 + -20) - -14?
-2
What is 22 - (4 - ((-2 - -8) + -9))?
15
2 + (7 - 0 - -1)
10
-19 + -9 + 12 + 6
-10
What is the value of (-24 - (18 + -27)) + 43?
28
Calculate -20 + 9 + (29 - 5).
13
Evaluate (-27 - 31) + 18 - -21.
-19
Calculate (-3 - (6 + -16 - -14)) + 7.
0
What is the value of 4 + -2 + -6 - (-4 + 3 + 1)?
-4
Evaluate -7 - 4 - (-4 - (8 - 3)).
-2
What is the value of (-13 - (4 + 0 + (-4 - 2))) + -4?
-15
(20 - (1 - -13)) + (3 - 4 - -4)
9
Calculate 0 + -13 + 19 + (20 - 28).
-2
What is the value of 1 - -9 - (48 - 34) - 5?
-9
Evaluate (4 - (6 + -10)) + 8 + -31 + 7.
-8
What is the value of (-11 - -27) + -33 + (17 - 0)?
0
What is -7 + 4 + 0 + -18?
-21
Evaluate (-1 - -9) + 0 + -8.
0
What is 5 + (-7 + 5 - 3) + 2?
2
Evaluate (0 - (-6 + 1)) + 5 + -1 + -2.
7
Calculate -13 + (-16 - (3 + (-14 - 2))).
-16
Evaluate 15 - (-2 - 4 - -16) - 18 - 1.
-14
What is the value of (14 - 27 - -11) + -3 + 1 - 5?
-9
What is -9 - (-1 - -2) - (-112 - -104)?
-2
Evaluate (-8 - (27 - 33)) + 19.
17
Calculate -11 + 3 + 9 + -2.
-1
Calculate -15 + 7 + (1 - (11 + -7)).
-11
Calculate -5 + (27 - (-8 + (5 - -12))).
13
Evaluate -54 + 38 + 1 + 0 + 4.
-11
What is -4 - (-9 - (-6 + -1 + 1)) - -3?
2
-7 - ((-4 - -13) + -4) - 1
-13
What is 56 + -56 - (1 + -15)?
14
What is the value of (17 - 7) + (-5 - 5) - 5?
-5
What is 13 + -5 - (0 - 4)?
12
What is the value of 7 - ((-4 - (-6 - 1)) + 0 + -7)?
11
Evaluate -14 + -3 + 27 - 24.
-14
Calculate -14 + (-5 + 14 - 5) + 14.
4
Calculate -155 + 160 + (2 - 3 - 2).
2
What is 8 + -50 + 27 + 17?
2
31 + -15 + 3 - 17
2
20 + ((-2 - -12) + -21 - -7)
16
(-5 - 1) + 42 + -43 + 4 + -7
-10
What is the value of -4 + (-15 - -6) + 39 + 3?
29
1 + (2 - 3) + 11 - (-168 - -172)
7
(-8 - -17 - 12) + 18
15
What is the value of (-48 - (9 + -26)) + 4?
-27
-13 + -3 + (-18 - -16) + 7 + 2
-9
Calculate -8 + 0 - 28 - -47.
11
Calculate ((-10 + 0 - -6) + 3 - 6) + 27.
20
Evaluate -39 + 9 - -15 - -27.
12
What is the value of (15 + 10 - 17) + -15?
-7
What is 42 - (-3 + 37 - 7)?
15
Calculate 993 + -958 - (60 - 0).
-25
What is the value of -56 + 52 + (1 - (1 - 5)) + 10?
11
What is -15 + (-3 - -3 - (24 + -20)) + 3?
-16
What is the value of -14 - (14 + -2 - (11 + -4))?
-19
(-11 - (9 - (12 + -15))) + 16
-7
Calculate 1 + 3 + -8 - 6.
-10
-11 - (-6 + 8) - -9
-4
What is -9 + -6 + 5 + -7 - -6?
-11
Evaluate 2 + (7 - -2 - (18 + 2 - 10)).
1
What is (6 + (1 - 2) - (15 + -18)) + -6?
2
11 - 1 - (36 + (24 - 32))
-18
Evaluate -1 + 5 + (-166 - -174).
12
What is (-3 - -14) + (4 + -11 - -9)?
13
What is 284 + -292 + -2 + -23?
-33
What is the value of 6 + -2 - (348 - 333)?
-11
-51 - (12 - 11) - (-1 + -17)
-34
Calculate 7 + 0 + -3 + (-7 - 3 - -9).
3
Calculate 4 - (5 - (3 + -13 + (5 - -2))).
-4
Evaluate -6 - (-18 - (3 - 7) - 12).
20
Calculate 5 + 3 - (35 + -36).
9
What is the value of 0 - -7 - (62 + (-55 - -27))?
-27
Calculate (0 - 7) + (-27 - -27) + -1 + 5.
-3
Evaluate -5 - (-17 + (21 - 10)).
1
-2 - (2 + 3) - (-3 + 0)
-4
Calculate 0 + -7 + (-10 + 6 + 14 - 11).
-8
Evaluate (18 - (8 + -6)) + -23.
-7
(2 - 1) + 7 + -14 + 13
7
What is the value of -1 - -8 - (219 + -228)?
16
Calculate -4 + (-11 - (-20 + -4)).
9
Calculate (-1 - 0 - (64 + -64)) + -11.
-12
-1 + (-9 - (-12 + 8) - -24)
18
What is the value of 1 + 3 + 2 + 15 + -28 + -4?
-11
What is -2 - -1 - (4 + (-3 - (-6 - 0)))?
-8
Evaluate (6 - 9) + 6 + -19 - -11 - -24.
19
Calculate (0 - 1) + 0 + (8 - (-3 - 1)).
11
(-12 - (31 + -17)) + 58
32
What is 4 + 2 + (-4 - (-17 + 5))?
14
Calculate 0 + 7 - (-84 + (41 - -32)).
18
Calculate 42 + (-25 - (-31 - -28)).
20
-2 + (1 + -16 - ((-13 - -7) + 3))
-14
31 + (35 - 18 - 33)
15
Calculate -32 + 52 + 5 - 40.
-15
Evaluate (2 - -1 - 12) + -67 + 76.
0
Calculate 1 + -9 - 4 - (-17 - 1).
6
-4 - (-13 - -11 - 10)
8
12 - (42 + -14 - -1)
-17
1 + -2 - (-561 + 543)
17
What is -7 + (16 - 2) + -9?
-2
What is the value of 50 + -59 - (6 + -23)?
8
What is the value of 3162 + -3147 - (5 - -1)?
9
Evaluate (5 - (3 + 11 + -9)) + 1 + 4.
5
Calculate 0 + (-7 - -7) - (-74 - -91).
-17
What is (1 - 0) + -12 - (-17 - (4 + 27))?
37
113 + -108 + -11 + -1 + 1
-6
Calculate (17 - 0) + (-5 - 2).
10
What is the value of (1 + -3 - 0) + -2 + 11 + 1?
8
What is the value of 2 + (2 - 3 - -4 - (-41 + 49))?
-3
What is (8 - (40 - (-10 - -18))) + 8?
-16
What is the value of 58 + -80 - (-20 + -14)?
12
Evaluate -5 + (-5 - -41 - 10) + -12 + 1.
10
Calculate 2 + -12 + 25 - 6.
9
What is -11 + (-5 - (-37 - -12))?
9
Evaluate 8 - (41 - (1 + 6 - (-9 - -8))).
-25
What is the value of (-4 - 9 - (3 + -4 + -6)) + 5?
-1
Evaluate (8 + -14 - 7) + (5 - -1).
-7
Evaluate -3 - (-35 + (-3 - 8) - -9).
34
What is the value of (-4 - -6) + 0 - ((0 - 5) + -2)?
9
What is -9 - (10 + (5 + -5 - 19))?
0
(-5 - -6 - 4) + 0 + 2 - 4
-5
What is the value of 10 + 28 - ((7 - 12) + (6 - 2))?
39
Calculate -16 + 0 - (-53 - -14) - (1 - -3).
19
2 + -3 + 17 - (274 + -272)
14
-8 - (61 - (-33 + 71))
-31
Evaluate -33 - (-24 - (6 + 2)).
-1
What is 0 - (-11 + (-24 - (-4 - -12)) + 5)?
38
What is the value of -17 + 60 + -43 + (6 - (-2 - -1))?
7
What is the value of 2 - 47 - (-3 - (12 + -21 + 17))?
-34
Calculate (4 - (15 - 3) - (-8 + -3)) + 20.
23
Evaluate (9 - 8) + -7 - -10 - -1.
5
Evaluate (-27 - (14 + -17)) + 15.
-9
What is -8 + 1 + 24 + 1?
18
-8 + 27 + -16 + (-2 - 0 - -7)
8
Calculate 118 + -123 + (0 - -25) + (-2 - -7).
25
What is (-4 - (22 + -4)) + (10 + -4 - 0)?
-16
What is -2 + 0 + 6 - (123 - 126)?
7
What is the value of -3 + (-17 + 2 - 1) + -9?
-28
What is (-4 - 0) + 5 + -7 + 13 + -1?
6
Evaluate 3 - (24 + -11) - -11 - -9.
10
Calculate 9 - -3 - (-18 - (-25 - 7)).
-2
Calculate (7 - 15) + -33 + 43.
2
Evaluate -5 - (-2 + -9) - 4 - (-34 - -11).
25
What is the value of (2 - 1) + (-20 + 1 - -25)?
7
Calculate 0 + -15 + 17 - 4.
-2
What is the value of -1 + -13 + -90 + 101?
-3
Calculate 11 + -12 - -4 - (-8 - 0).
11
What is the value of 36 - 51 - (-6 + -1 + -1)?
-7
-1 - (-8 - (1 + -2) - (420 - 438))
-12
Evaluate -12 + 0 + 8 + 13 + -18 + 35.
26
What is (-7 - (-5 - -13 - -13)) + (-1 - -1)?
-28
What is the value of -10 - (-2 + -18 + 30) - -35?
15
Calculate -6 - (10 + 15 + -25).
-6
Evaluate 31 + (-7 - (0 + 24)).
0
Evaluate -2 + -1 - 2 - (-9 + 34 + -30).
0
Evaluate -25 + 16 + -21 - -13.
-17